 - (4 + -1)
9
Calculate -5 - (-2 - (-5 + 6)).
-2
What is (-19 + 8 - 2) + 3?
-10
(4 - (-2 - -16)) + -3 + 8
-5
What is the value of 8 - (12 - 8) - 8?
-4
Evaluate (1 + 0 - 0 - 3) + -1.
-3
4 - 1 - (0 - (-2 - -3))
4
-6 - -4 - (-5 + 3 - 5)
5
What is the value of 8 + -14 + 9 - (-5 - 2)?
10
Evaluate -20 - -16 - (-9 + (5 - 0)).
0
Evaluate 0 + (-9 - (-9 - -7)).
-7
Evaluate -2 - (0 + -3 - -1).
0
(22 - 23) + (1 - 6)
-6
What is the value of -1 + -2 - 6 - -6?
-3
What is 4 + (-6 - -9) + -5 + -4?
-2
1 - (-3 + 7 - -6)
-9
Evaluate -2 - 1 - (11 + -18).
4
What is the value of 4 + (0 - 4 - (-15 + 11))?
4
Calculate -3 - (0 + (-7 - (-1 - 2))).
1
What is the value of 310 - 311 - (1 - -4)?
-6
3 - (-7 + 4) - (11 + -6)
1
What is the value of 4 - 5 - (1 + 2 + -3)?
-1
-8 + 4 + -2 + 6
0
-4 - -12 - (40 + -32)
0
What is (0 - 7) + 8 + -7 + -1?
-7
Calculate 0 - (-9 + 1 - (-3 - 1)).
4
Calculate 6 - (1 + -3 - -6 - 6).
8
What is the value of -7 + 2 + 2 - 3?
-6
(-5 - (3 + -6)) + 2 - -1
1
Evaluate 2 + (-6 - -3) - 3.
-4
What is (-9 - -23 - (0 + 7)) + -4?
3
What is the value of (22 - 23) + 14 + -4?
9
Evaluate 14 + -3 - (-5 + 9).
7
0 + (-1 - 8 - -5) - -7
3
Calculate -7 - (4 + -2 + -4 - -5).
-10
Evaluate (-2 - 6) + 8 + -5 - -3.
-2
What is the value of -7 - (1 + (-5 - 3) + -1)?
1
Evaluate -7 - -8 - (2 + 0 + 0).
-1
Calculate (4 - -4 - 10) + (8 - -4).
10
What is the value of (-1 - (1 + -1)) + 0?
-1
What is (4 + 4 - (4 - 1)) + -3?
2
What is 8 - (0 + 0 + 23 + -4)?
-11
What is the value of 4 + -8 + -6 + 19?
9
Evaluate -7 - 1 - (8 - 12) - -2.
-2
What is 9 - 4 - 6 - 1?
-2
What is the value of 5 - (-1 - 1 - (-3 - -1))?
5
-1 + -2 - (5 + 0 + -6)
-2
-2 + (5 - (7 - 4))
0
What is the value of -8 + 1 + -12 + 15?
-4
What is the value of (2 - -6) + (-5 - -2)?
5
What is (-4 - 1 - 1) + (-11 - -13)?
-4
Calculate -5 + -3 - (-4 + 0).
-4
What is the value of -4 + (-12 - -4 - -10)?
-2
What is -6 - 1 - (7 + -7)?
-7
What is the value of 0 + -1 + -33 + 25?
-9
Evaluate 1 + (5 - 3) + (0 - 0).
3
Evaluate -6 - -6 - -2 - (-3 - -3).
2
What is the value of (-9 - -3) + 1 + 4?
-1
0 + (-21 - -33 - (5 - -1))
6
Evaluate 0 - (6 - (-5 + 14)).
3
Evaluate 11 + 7 + -4 + -11.
3
Evaluate (3 - 0) + (-24 - (-22 - -5)).
-4
-4 + 0 + 7 - 3
0
Evaluate -2 + (3 - (-9 + 7)).
3
-4 + (0 - -6) - -2
4
What is the value of 6 + 4 + -14 + 4?
0
What is (-23 - -13 - 2) + 4?
-8
-6 + 3 + 2 + 0
-1
Calculate 3 - (-9 - -2 - -11).
-1
-4 + (-4 - -4 - 0)
-4
What is the value of 4 - (2 - (-2 + 4 - 1))?
3
Calculate (0 + -1 - 0) + (8 - 6).
1
-78 + 73 + -5 + -1 - 0
-11
What is -39 + 34 - (-1 + 0)?
-4
Evaluate -7 + 0 + -1 + 7.
-1
What is the value of (-3 - -6) + -2 + 4 + -5?
0
What is the value of (-7 + 4 - 0) + -2 + 1?
-4
7 + 1 + -2 - 13
-7
What is the value of (0 - -1 - 4) + 1?
-2
Calculate -1 + (-5 - -6) + (2 - -1).
3
1 + -4 + (11 - (0 + 1))
7
Evaluate (-17 - -9) + 5 + 2.
-1
-21 + 25 + (-3 - -6)
7
What is the value of 1 - (-12 + 15) - (-1 + -3)?
2
Evaluate -1 - -1 - ((8 - 4) + -1).
-3
Evaluate -2 - -2 - (-32 + 27).
5
What is the value of 4 + -10 - -3 - (-7 - -1)?
3
Calculate -6 + -7 + 5 + 3.
-5
(3 + 0 - 9) + 7 + 0
1
Evaluate -2 - (1 + -2 + -1).
0
Evaluate -1 - (-1 - (-4 - (3 + -2))).
-5
1 + ((-11 - 1) + 7 - -10)
6
Evaluate -3 + (-3 + 10 - -2).
6
What is the value of -1 + 5 + -8 - 0?
-4
Evaluate -48 + 52 - (5 + 1).
-2
What is -1 + 6 - (4 + -18 - -13)?
6
What is 6 - (-8 + (-9 - -17))?
6
Calculate -1 + -1 + 2 + (24 - 25).
-1
Calculate (-4 - 9) + (-12 - -21).
-4
Evaluate 12 + (-9 - 1) + 2.
4
Evaluate -1 + 5 - (-4 - -12).
-4
What is (10 - 1) + -22 - -19?
6
Evaluate (-6 - -5 - 3) + (9 - 3).
2
Calculate 2 + (-1 - (-2 + (0 - -2))).
1
Evaluate 7 - 6 - (-1 + -2).
4
Calculate (49 - 46) + 2 + 4.
9
What is -11 + (-2 - -4) + 2 - -1?
-6
-167 + 155 + (19 - 1)
6
What is -7 - (8 + -3 + -7 + -2)?
-3
What is 9 + (5 - (16 - 6))?
4
Calculate 8 + (-5 - 8) + 5.
0
-4 + (-1 - (-3 + 3 + 0))
-5
(-9 + -3 - -7) + 3
-2
Evaluate 0 - (7 + -2) - -7.
2
What is the value of 19 - 24 - (-4 - 0)?
-1
Evaluate -9 - (-10 + -6 + 0).
7
Evaluate 1 - (0 + 3 - -1).
-3
Evaluate -1 + -2 + 11 + 3 + -6.
5
What is the value of (-5 - (0 + 0)) + (-65 - -63)?
-7
(-4 + -6 + 6 - 1) + 1
-4
What is the value of 17 + -19 + (19 - 12)?
5
What is 4 - -1 - (2 + -5 - -3)?
5
Evaluate 32 + -38 - (-1 + 1).
-6
2 + -3 + 1 - 3 - 3
-6
What is 12 + -9 + -2 + (2 - 0)?
3
What is -14 + -1 + (9 - 2)?
-8
8 + -3 - (37 - 33)
1
What is -8 + 7 + -13 + 7 - -15?
8
Evaluate -7 + 10 - 6 - -5.
2
Calculate -2 - (1 - (1 - -2 - -4)).
4
Evaluate 7 + -11 + 13 + -11.
-2
What is -4 + 6 - (-4 + 7)?
-1
What is 3 - (-20 + 23 - (-1 - -4))?
3
Calculate -4 + (-8 + 1 + 18 - 4).
3
What is the value of -1 - (4 + -11) - 8?
-2
(18 - (11 - 2)) + -7
2
Evaluate -3 + (-2 - -9) + (0 - 10).
-6
1 + -5 + 0 + 3 - -6
5
What is (6 - -1) + 2 + -3?
6
Calculate (11 - 19) + (9 - 5).
-4
Calculate -9 - (0 - (-1 - -1)).
-9
What is 10 + -14 + (3 - -4)?
3
Evaluate 4 - ((3 - 7) + 8).
0
Calculate 2 - (2 - -1) - (-31 + 29).
1
4 + (-10 + 7 - (-1 - -2))
0
-43 + 43 - (1 - (0 - -3))
2
Evaluate 0 + (-7 - ((-3 - -9) + -5)).
-8
What is the value of -2 + (2 - -2) + 1 + 0?
3
What is -4 + 2 - (53 + -54)?
-1
Calculate 0 - ((-1 - -3) + 1 - 5).
2
(5 - -1) + -5 - (0 - -1)
0
Evaluate -1 + 1 + -4 + 4.
0
What is the value of 5 + ((-5 - 0) + 6 - 6)?
0
What is the value of -5 + 8 + -6 - -5?
2
What is the value of 33 + -30 - (1 - 1)?
3
Evaluate 7 - (-7 - -9) - 4.
1
Evaluate (7 - 14) + 8 + -2.
-1
7 - (6 + 3) - 2
-4
What is the value of (9 - -1) + (-1 - (0 - -5))?
4
What is (-34 - -31) + (-5 - -2)?
-6
What is the value of 7 + -1 + (12 - -2 - 14)?
6
8 + 0 + 2 + (-17 - -11)
4
Evaluate -5 - (0 + 4 - (-2 + 10)).
-1
What is the value of 7 + (-21 - -13) + 5 + 0?
4
Calculate (-4 - -2) + -10 + 11.
-1
Calculate 2 + (-2 - -1) + 2.
3
Calculate 8 - (8 + -10) - 19.
-9
Calculate 4 - ((5 - -3) + -3 + -1).
0
What is the value of 3 + (0 - 0) + -1?
2
(11 - (0 - -4)) + -14
-7
Calculate -2 - 2 - (-20 - -24).
-8
Calculate -5 + 3 + 3 - (2 - 0).
-1
Evaluate 8 + -20 - (3 + -10).
-5
Evaluate (-1 - -1) + (-4 - -3) + 3.
2
What is the value of 5 + -1 + 1 + (-10 - -1)?
-4
What is the value of -2 + (-6 - (2 + -3) - -3)?
-4
What is the value of 0 + 0 + 2 + 0 - 3?
-1
Evaluate 11 - (-7 + 15 - 3).
6
Calculate (15 - 12 - 11) + 16.
8
What is (-13 - -4 - 5) + 12?
-2
(7 - (14 - -4)) + 5
-6
Evaluate 2 + -4 + 4 - (2 + -2).
2
Evaluate -1 + -5 + 2 + (-1 - -12).
7
Evaluate -15 + (-2 - -15 - 3).
-5
(-2 - -2) + (8 - 6 - 1)
1
What is 9 - 0 - (-15 + -5 + 18)?
11
Evaluate 8 - (-19 - -7 - -13).
7
Evaluate -7 - -6 - (-1 + -2).
2
What is (2 - -1) + (12 - 16 - -9)?
8
-1 - (-1 + 12 + -7)
-5
What is 0 + 2 + (2 - 8) + 2?
-2
2 - (-10 - -9 - 0)
3
(3 - (9 - 6)) + (-3 - 1)
-4
What is the value of 4 - (8 + (-2 - 7))?
5
What is the value of 10 + -6 - (-11 + 1 - -5)?
9
Evaluate -12 + 3 + 8 - -4.
3
-1 + -1 + (-1 - -2) + 3
2
Calculate (-8 - -14) + -2 + -11.
-7
Evaluate 11 - (4 + (1 - -6)).
0
-3 - ((6 - 1) + -9)
1
What is -3 + ((-1 - -3) + -1 - -5)?
3
Calculate 8 + -7 - 8 - -6.
-1
What is 1 - (3 + (-3 - -5) + -3)?
-1
What is 27 - 32 - (1 - 3)?
-3
Calculate -90 + 95 + -1 + 2.
6
Calculate -7 + (-8 + (11 - -4) - -2).
2
What is 8 + -6 - (0 + 0 - -1)?
1
What is (-22 - -9 - -3) + 16?
6
What is the value of (1 - (0 + -1)) + (-45 - -44)?
1
-2 + (-5 - (-3 + 1))
-5
1 + (0 - -2) + -2
1
What is -26 + 29 - (-3 - (-14 - -1))?
-7
What is the value of 9 + (-5 - 1) - (0 - 0)?
3
What is (12 - 5) + (-1 - (3 - 0))?
3
Evaluate 10 - 5 - (-1 + 12) - 1.
-7
What is (-10 - -8) + (9 - 12)?
-5
Calculate (1 - -7) + -2 + 0.
6
Evaluate -8 + (1 - -4) + 5 + -10.
-8
What is 0 - 2 - (-9 - (0 - 6))?
1
Calculate -9 + 2 + 4 - (0 + 0).
-3
Evaluate (8 - 2) + -9 + (2 - 0).
-1
What is (3 - 1) + -2 + (-14 - -12)?
-2
-1 + -1 + (3 - 5)
-4
(-9 - -2) + (5 - 6) - -2
-6
Evaluate (3 - 0) + (-2 - 0 - 1).
0
2 + (-5 + 7 - (0 + 1))
3
-8 + 5 + (0 - 1)
-4
What is the value of 10 + -20 - (2 + -1 + -5)?
-6
Calculate 2 + 0 + (-4 - -7) + -3.
2
Calculate 5 - ((2 - 4) + (0 - -3)).
4
What is -7 + 9 + -1 + -3?
-2
(1 - 4 - -5 - 7) + 3
-2
Calculate (-9 - (4 + -11)) + (-10 - -3).
-9
3 - -1 - (10 + -6 - 6)
6
Evaluate (10 - 7) + 9 + -7.
5
Calculate 2 + -2 + 6 + 2 + -4.
4
What is the value of 1 - ((4 - 7) + 1)?
3
(-9 - -2) + 24 + -22
-5
What is -3 + (-2 - (-7 - (-1 + -2)))?
-1
0 + -8 + 1 - -7
0
What is -3 - -4 - (4 + 0 + 0)?
-3
What